emainder when i is divided by f(-3)?
2
Let v = 72 - 57. Calculate the remainder when 71 is divided by v.
11
Let b(p) = 4*p**2 + 4*p - 7. What is the remainder when b(-4) is divided by 21?
20
Suppose 5*g + 45 = -5*v, -5*v = 2*g - 0*g + 9. Let t = 14 + g. What is the remainder when 3 is divided by t?
1
Suppose 4*g = 4*j + 48, 3*g = -0*g + 2*j + 34. What is the remainder when 4/10 + (-183)/(-5) is divided by g?
7
Let f(m) be the first derivative of m**3/3 + m**2/2 + 19*m + 1. What is the remainder when 37 is divided by f(0)?
18
Suppose -i + 3*s + 38 = 0, -5*i + 4*s + 157 = -0*i. Calculate the remainder when 114 is divided by i.
27
Suppose 3 = -4*i + 23. Suppose -3*a = -22 - i. What is the remainder when (5 - 3) + -2 - -25 is divided by a?
7
Let v be 0/(-3) + -3 - -10. What is the remainder when 5 is divided by (-9)/3 + v + 0?
1
Suppose -w + 5 = 1. Let f be (-3)/9*(-3)/1. Suppose 5*n = 3*y - 24, -f = 3*y + 4*n + 2. What is the remainder when w is divided by y?
1
Let h(f) = -f + 7. Let y be h(8). Let r = y + 6. Let g = r + -3. What is the remainder when g is divided by 1?
0
Let m(g) = 4*g - 6. Let r(k) = k**3 - 2*k**2 - 5*k + 3. Let f be r(3). Let t = 23 - f. What is the remainder when t is divided by m(5)?
12
Let t(w) = 2*w**2 + 5*w - 38. Calculate the remainder when t(-10) is divided by 57.
55
Suppose -1 = 3*a - 79. Let k = -17 + a. Suppose s = -0*s + k. Calculate the remainder when s is divided by 5.
4
Suppose 4*h - 105 = 11. What is the remainder when h is divided by 15?
14
Let f(k) = k**3 + 4*k**2 + 2*k - 2. Let b be f(-3). Let h(j) = b + 28*j + 17*j - 2. What is the remainder when h(1) is divided by 15?
14
Suppose -13 + 55 = 2*i. Calculate the remainder when i is divided by 476/44 - 4/(-22).
10
Let b be 0*((-3)/(-3) + -2). Suppose b = n - 9. Calculate the remainder when 10 is divided by 1 + -2 + n + -2.
4
Let t(w) = -6*w + 13. Calculate the remainder when 121 is divided by t(-8).
60
Suppose -2*c = -118 - 44. Suppose -5*m + c = 4*f - 83, -2*m - 5*f = -69. What is the remainder when m is divided by 11?
10
Let j be 2493/21 - 4/(-14). Suppose 4*i = 9 + j. Suppose -5*f + i = -2*z - 2, 4*f = -3*z + 41. What is the remainder when 15 is divided by f?
7
Let n(v) = v**3 - 8*v**2 - 7*v - 6. What is the remainder when (-1)/3 - 350/(-15) is divided by n(9)?
11
Let q = -8 + 0. Let t(o) = o**2 + 6*o + 9. Calculate the remainder when 74 is divided by t(q).
24
Let s = 17 + -28. Let w = 36 + s. Let u(t) = t**3 + 6*t**2 - t + 7. Calculate the remainder when w is divided by u(-6).
12
Suppose -5*d - 4*t = -47, 5 + 36 = 5*d + 2*t. Let y(c) = 2*c + 2. What is the remainder when y(5) is divided by d?
5
Let b(y) = -y**2 + 7*y + 4. Let p be b(8). Let a = p - -24. What is the remainder when a is divided by 11?
9
What is the remainder when 11 is divided by (60/(-36))/(2/(-6))?
1
Let o be 12/18*18/(-4). What is the remainder when 21 is divided by (o/(-5))/((-15)/(-150))?
3
Suppose -5*x + 9*x = 24. Suppose -x = -2*i, i - 66 = -5*j - 23. Let y = 47 + -32. What is the remainder when y is divided by j?
7
Suppose -4*z = 3*i - 7 - 34, 5*z + i = 65. What is the remainder when 39 is divided by z?
11
What is the remainder when (-6)/16 - (-1401)/24 is divided by 15?
13
Let r(m) = 5*m + 7. Let t(v) = v - 1. Let z(s) = r(s) - 4*t(s). Suppose -p + 8 = 3*f, 0 = -f - f + 2. What is the remainder when p is divided by z(-9)?
1
Let m = 0 + 118. Suppose 0 = -w + 4*q - m, -3*q = -2*q + 5. Calculate the remainder when w/(-7) - 10/(-35) is divided by 11.
9
Let t = 17 - 4. Calculate the remainder when t is divided by 5.
3
Suppose 0 = -0*m + 5*m. Suppose m*p = -4*p + 20. Suppose -5*t - 3 = -68. Calculate the remainder when t is divided by p.
3
Let l(w) = w**2 - 2*w + 8. Calculate the remainder when l(0) is divided by 3.
2
Let z be (-22)/5 + (-4)/(-10). Let q be ((-2)/z + 0)*6. Suppose g = -0*g - q*l + 7, 0 = l + 1. What is the remainder when g is divided by 4?
2
Suppose 17 = 3*m - 5*i, 0 = 5*m - 2*i + 4*i + 13. Let v = 13 + m. Calculate the remainder when 2*(-9)/6 + 25 is divided by v.
10
Suppose 3*n - 4*j - 34 = 0, j - 25 = -3*n - 4*j. Let y(r) = r**2 - 8*r - 12. Let u be y(n). Calculate the remainder when 12 is divided by -2 + 1 - u*-1.
5
What is the remainder when 4/(-2 - 26) + (-800)/(-14) is divided by 20?
17
Suppose -4*z - 170 + 7 = -3*g, 2*z + 253 = 5*g. What is the remainder when g is divided by 13?
10
Let k(v) = -48*v - 4. Let s be k(-3). Suppose 3*x - s = -4*m, -2*x - m + 65 = -4*m. What is the remainder when x is divided by 21?
19
Suppose 5*w - 52 - 38 = 0. Calculate the remainder when w is divided by ((-3)/(-2))/(9/60).
8
Suppose 2*a - 36 = -r - r, -r + 2*a = -9. What is the remainder when 116 is divided by r?
11
Let y = 72 - 21. Calculate the remainder when 201 is divided by y.
48
Suppose -540 = -2*x - 18*x. Calculate the remainder when x is divided by 14.
13
Suppose t - 17 + 48 = 3*g, 0 = -4*g + t + 41. Calculate the remainder when 33 is divided by g.
3
Let q(f) = f - 5. Let g be q(7). Suppose 52 = j + g*t, 2*t - 49 = -j - t. Calculate the remainder when j is divided by 20.
18
Suppose -2*y = -7*y + 75. Calculate the remainder when y is divided by 9.
6
Suppose -9 = -r + 2. Calculate the remainder when 30 is divided by r.
8
Suppose 4*r - 30 = 2*r. Suppose -l + r = -27. What is the remainder when l is divided by 15?
12
Suppose 5*u + 3*n = -325, -n - 2*n - 121 = 2*u. Let f = u + 114. Calculate the remainder when f is divided by 24.
22
Suppose 5*f - f = 96. Suppose 4*n + o - 8 = f, 32 = 4*n - o. Calculate the remainder when 22 is divided by n.
6
Let w = 12 - 4. Let r = 4 - 2. Suppose g = 5*n - 75, -5*n - r*g + 60 = -n. What is the remainder when n is divided by w?
7
Let q = -69 - -97. What is the remainder when 55 is divided by q?
27
Suppose -j + 35 = -4*u + 2*j, 5*u + 2*j = -38. Let n = 6 - u. Calculate the remainder when 282/7 + n/(-49) is divided by 21.
19
Calculate the remainder when 71 is divided by (2 - -13*2) + -4.
23
Suppose -3*x + 5*o = -2, -4*o + 2 = -2*x + o. Suppose 0 = 3*p + 6. Let s = p + 5. Calculate the remainder when x is divided by s.
1
Suppose 4*b - 73 = -25. Suppose h + 8 = 5*h. Suppose -v + h*v - 30 = -g, 0 = 5*g + v - 166. What is the remainder when g is divided by b?
10
Let q(y) = y + 17. Let w = 26 + -11. What is the remainder when q(11) is divided by w?
13
Let v be (-1 + 2)/(1 - 2). Calculate the remainder when (-2)/v + (2 - -39) is divided by 15.
13
Suppose -c + 1 = 0, 0 = -3*m - 3*c - 6 + 123. Calculate the remainder when m is divided by 20.
18
Let g be (-8)/(-32) - 135/(-4). Suppose 13 + g = h. Calculate the remainder when h is divided by 16.
15
Suppose -3*l + 5*v - 2 = -5, -5*l = 5*v + 35. Let k(a) = 2*a + 2*a**2 + 4*a**2 - a**2 + a**3 - 3. Calculate the remainder when 8 is divided by k(l).
3
Let w be -2*(-2 + 1 + -1). Suppose 0 = w*t + 3*b + 1, -t + 6*t = 3*b + 19. Calculate the remainder when t is divided by 2.
0
Suppose 5*k = -o - 0*o + 21, -o - 3*k + 15 = 0. What is the remainder when o is divided by 4?
2
Let n = 10 + -6. Suppose -6*s + s + 95 = 3*i, -s + n = 0. What is the remainder when i is divided by 14?
11
Suppose -4*y + 5*c = -397, 372 = 4*y + 2*c + 10. What is the remainder when y is divided by 16?
13
Let h(d) = -5*d - 4. Calculate the remainder when 61 is divided by h(-4).
13
Let t(p) = -14*p. Let d be t(-2). Let k = d - 20. What is the remainder when k is divided by (-2 - (-5)/4)*-4?
2
Suppose -16*h + 18*h - 12 = 0. Calculate the remainder when 41 is divided by h.
5
Let n be 1/(-3)*(-10 + -2). Let v(q) = 3*q. Calculate the remainder when 35 is divided by v(n).
11
Let d be (1/(-1))/(7/(-14)). Suppose c - d = -0*c. Let f(s) = s**2 - 2*s + 1. What is the remainder when f(c) is divided by 1?
0
Suppose s + 3 = -6. Let n(y) = y**2 + 7*y + 6. What is the remainder when 47 is divided by n(s)?
23
Let p(u) = 8*u + 81. Let n(t) = 16*t**3 + t. What is the remainder when p(-4) is divided by n(1)?
15
Let r(z) = 2*z**3 - 5*z**2 + 5*z - 7. Let j(s) = 3*s**3 + 3*s**2 - 4*s + 3. What is the remainder when j(2) is divided by r(3)?
14
Let y(u) = -u**2 + 11*u + 3. Calculate the remainder when 329 is divided by y(5).
32
Let y(u) = -3*u - 2. Let x be y(-2). Suppose -4*d + 3*q = 35, 32 = -2*d - 2*d + x*q. Let j = d - -22. What is the remainder when 31 is divided 